at is the highest common factor of v and 1010?
202
Let x = 4288 + -4246. What is the highest common factor of 267 and x?
3
Suppose -q = 88 - 100. Suppose 24 = -q*t + 96. Let n(p) = 2*p + 1. Let x be n(1). What is the highest common divisor of x and t?
3
Let w = 142 - 134. Suppose -a + 2 = -0, -3*f + w = a. What is the greatest common divisor of f and 7?
1
Let l = 7 + -5. Suppose 0 = -2*t - l, -4*m + 4*t + 1 = -7*m. Suppose -5*n + 53 = -2*x, -n + 3*x = 3*n - 48. What is the highest common divisor of m and n?
1
Let h(k) = -11*k + 8. Suppose 15*s = 35*s. Let d be h(s). Calculate the highest common factor of 1 and d.
1
Suppose z = -2*f - 8 + 9, 4*f + 3*z - 5 = 0. Let i be 1*(0 - f) - 28/(-2). What is the greatest common divisor of i and 15?
15
Suppose 0 = 4*c - 5*c + 15. Suppose 0 = 3*g - 6*g + c. Suppose s - g*s = -196. Calculate the highest common divisor of s and 14.
7
Let r be 507/6*((-60)/(-6) + -8). Calculate the greatest common factor of 247 and r.
13
Let v(k) = 59*k - 56. Let i be v(-3). Let p = 253 + i. What is the greatest common factor of 330 and p?
10
Let a(k) = -k + 24. Let l be a(10). Let w be 8/l + 20100/105. Let j = w + -111. Calculate the highest common divisor of 9 and j.
9
Let j(s) = -9*s. Let c be j(2). Let k be (294 + -293)*((-2)/7 + (-486)/14). Let m = c - k. Calculate the greatest common factor of 119 and m.
17
Let f(o) = -20*o**2 + 238*o + 27. Let a be f(5). What is the greatest common factor of 33 and a?
3
Suppose 2*u = 2*a + 7634, 121*a + 20 = 116*a. Calculate the greatest common divisor of 82 and u.
41
Let n(m) = -592*m**3 - 50*m**2 - 51*m - 1. Let a be n(-1). Calculate the greatest common divisor of 4292 and a.
148
Let w = 604 - 354. Let j = -49 + 131. Suppose -3*d + w - j = 0. Calculate the greatest common factor of 14 and d.
14
Suppose 6 = -2*n, -2*q - 3*n + 1165 = -4654. What is the greatest common divisor of q and 31?
31
Let w(z) = z**2 - 13*z + 28. Let x be w(11). Let k be (-110)/(-4) - x/(-24)*2. Let a be (-6)/2 - (-5)/1. What is the greatest common divisor of a and k?
2
Let a(c) be the first derivative of 7*c**2/2 + 15*c - 42. Let v be a(6). Calculate the greatest common factor of v and 228.
57
Let g(h) = 24*h - 888. Let w be g(49). Calculate the highest common factor of w and 468.
36
Suppose -5*n + 4*n - 2*i - 10 = 0, -25 = -3*n + 5*i. Suppose n = 5*o - 50 - 10. Suppose 0 = -27*a + 24*a + o. What is the highest common factor of a and 20?
4
Let o(g) = -95*g + 1902. Let k be o(20). What is the greatest common factor of k and 1324?
2
Let r = 43 - 32. Suppose -7*t + r*t = 16. Suppose 2*i + 108 = 5*i - 3*c, -t*c - 112 = -3*i. What is the greatest common factor of i and 96?
32
Let q = 30 + -23. Let p(k) = 3*k**2 + 15*k - 59. Let l be p(-10). What is the greatest common factor of q and l?
7
Let z = 2475 - 2434. Calculate the highest common divisor of 328 and z.
41
Suppose 3*j = k - 6, 2*k - 10 = 3*k + 5*j. Suppose -9*c + 7*c + 294 = k. What is the greatest common factor of 98 and c?
49
Let p(v) = -450*v - 656. Let b be p(-2). What is the highest common divisor of 16 and b?
4
Let q = 112 - 209. Let t = -55 - q. Suppose 0 = -3*y + k + 216, 14*k - 9*k - 180 = -3*y. Calculate the greatest common factor of y and t.
14
Suppose -2*g - 57 = -3*g. Let u(x) = 145*x - 359. Let l be u(3). Calculate the greatest common factor of g and l.
19
Let q = 27 + -255. Let a = 263 + q. Calculate the greatest common divisor of 665 and a.
35
Suppose -16*i = -77*i + 42*i + 12540. Calculate the greatest common divisor of i and 143.
11
Let l(o) = o**2 - 4*o - 1. Let h be l(-12). Suppose -y = 3*v - 0*v - h, v = -5*y + 913. Calculate the greatest common divisor of 28 and y.
14
Suppose -44*f + 1708 = 26*f - 9*f. Let d = -514 - -878. What is the highest common divisor of d and f?
28
Let o be 584/20 + 3*2/(-30). Suppose -3*x + x = z - 58, 2*z = -2*x + 58. What is the greatest common divisor of o and x?
29
Let v be 1 + 13338/72 - 6/(-8). Calculate the highest common divisor of v and 121.
11
Suppose 305*l - 322*l + 169575 = 0. Calculate the greatest common factor of l and 266.
133
Let o be (-2)/(-7) - 891000/(-154). What is the highest common factor of 22 and o?
22
Let m be ((-626418)/(-27))/26 + (-28)/12. Calculate the highest common factor of m and 1157.
89
Suppose -v = 2*b - 459, -4*v + 681 = 4*b - b. Suppose -5*g - 4*o + 400 = -g, 5*g = o + 494. Calculate the highest common factor of g and b.
33
Let l(f) = -f**3 - 41*f**2 - 176*f + 64. Let v be l(-37). What is the highest common divisor of 1408 and v?
44
Let x(m) = -23*m + 119. Let v be x(5). Suppose 5*p + 2*i = 64, -2*p = -5*i + v*i - 31. What is the greatest common factor of p and 1036?
14
Let y be (760/28)/(28/588). Calculate the greatest common factor of y and 150.
30
Let v = -6536 - -6548. Calculate the highest common factor of v and 11892.
12
Let x = 28983 + -28179. Calculate the greatest common divisor of x and 5829.
201
Let h = -42 + 54. Let f be 8 + h/(-4) + 34. What is the highest common factor of 13 and f?
13
Suppose 2*i - 783 = 8097. Suppose -4*q - 5*j = -i, 5*q - 3*j - 2575 = 2938. Calculate the highest common factor of q and 65.
65
Let g(j) = -j + 3. Let u be g(0). Suppose u*z = 5*z - 40. Suppose 280 = 3*l + 5*k, -396*l + 394*l + 192 = 2*k. What is the greatest common factor of z and l?
20
Let h(y) = y**3 - y**2 - 5*y + 4. Let w be h(3). Let z be -64*(4/w + 444/(-336)). Calculate the greatest common factor of 6 and z.
6
Suppose -3*u + 5*u = 42. Let n be (180/(-8))/((-18)/48). Suppose 378 = 62*q - n*q. What is the highest common factor of u and q?
21
Suppose 0 = i, 3*q = -2*q + 4*i + 175. Let p = q - -424. What is the greatest common factor of 27 and p?
27
Suppose 11765 = -17*f + 28816. Calculate the greatest common divisor of f and 177.
59
Let z(h) = 2*h**2 + 15*h - 16. Let q be z(-8). Let b = q + 98. Calculate the greatest common divisor of b and 30.
30
Suppose -3*v + 5*m + 351 = -0*v, 3*v - m = 339. Let w be (-1520)/(-18) + (-47)/45 + (-897)/(-1495). What is the highest common divisor of v and w?
28
Let t be 10/30 - 22/(-6). Suppose 20 = t*z - 68. Let m be 32/15 - (10 - (-888)/(-90)). Calculate the greatest common divisor of m and z.
2
Suppose 0 = 2*k - 4*w - 20036, -3*k + 29*w + 30075 = 30*w. Calculate the greatest common factor of k and 84.
28
Let p be (-1 - -2)*1 - -31. Let k be (-62)/(-155) - 1647/5. Let b = k + 345. Calculate the highest common divisor of b and p.
16
Let b(a) = -15*a + 5062. Let t be b(-47). What is the greatest common factor of t and 219?
73
Let i = -16505 + 17253. Calculate the highest common divisor of 680 and i.
68
Suppose 0 = -502*x + 627*x - 1953000. Calculate the highest common factor of 62 and x.
62
Let g(m) = 56*m - 20. Suppose -5 = 27*i - 59. Let y be g(i). Calculate the highest common divisor of 598 and y.
46
Let k = 8885 + -8855. Calculate the highest common factor of k and 340.
10
Suppose 10*w - 2*v + 342 = 5*w, 4*v = 4. Let p(i) = -5*i**3 + 2*i**2 - 2*i + 4. Let h be p(2). Let g = h - w. Calculate the highest common divisor of 4 and g.
4
Suppose 3*g - 18 = -5*h, 0 = 2*h + g + 4*g + 8. Suppose 4*u + 8 = 0, h*u - 2*u - 91 = -d. Calculate the greatest common divisor of d and 9.
9
Let b(i) be the first derivative of -i**4/4 - 4*i**3/3 + 7*i**2/2 - 22*i + 31. Let p be b(-11). Calculate the greatest common factor of p and 44.
44
Suppose 0 = 4*d - 5*m + 6, 4*d + m = 6*d. What is the highest common factor of 110 and d?
1
Let s = 86 + 112. Let t(m) = -2*m**3 - 9*m**2 - 7*m - 7. Let x be t(-6). Let v = x + -125. Calculate the greatest common divisor of v and s.
18
Suppose 30*n - 60454 + 4796 = 14962. What is the highest common factor of 66 and n?
22
Let n = -11518 + 14070. Calculate the highest common divisor of 87 and n.
29
Let v be 6*(-2)/(-72)*-4*-288. Calculate the greatest common divisor of 448 and v.
64
Let k(q) = 3*q**2 - 22*q + 58. Let r = 44 - 40. Let o be k(r). What is the highest common factor of 117 and o?
9
Let y = 9380 + -9368. Suppose 0 = -2*j - 2*h - 674, -h - 659 = 2*j - 2*h. Let z be 8/28 - j/14. What is the highest common factor of z and y?
12
Suppose 0 = -13*g + 78 + 207 + 79. Calculate the greatest common divisor of g and 5068.
28
Let c be ((-8)/6*-1)/(2/9). Let j be (-9)/(-6) + 3/c. Let q be -3 - j/(-1) - -9. What is the highest co